ppose -g + 0*g = o, 5*a = 2*g + 40. Is a a multiple of 8?
True
Let o(h) = 63*h**2 - 1. Let v = 30 + -13. Let d = v - 18. Is o(d) a multiple of 31?
True
Suppose -13*t - 3*t + 80 = 0. Let c(b) be the second derivative of 2*b**3/3 + 5*b**2/2 + b. Is 7 a factor of c(t)?
False
Suppose -21*w - 1394 = -23*w. Does 29 divide w?
False
Let f(p) = p**2 + 13*p - 10. Suppose -3*u - 42 = -0*u. Let l be f(u). Suppose -4*w - n - l*n + 25 = 0, -2*n = -2. Is 2 a factor of w?
False
Is 7 a factor of (6/5)/(55/19525)?
False
Suppose -a + 2 = -1, -2*x = -3*a + 5. Is 21 a factor of (-126)/((-1)/(x/4))?
True
Suppose 0 = -29*z - 34*z + 95319. Is 17 a factor of z?
True
Let v(u) = -u**2 + 23*u - 24. Let m(b) = -5*b + 6. Let h be m(-3). Does 6 divide v(h)?
True
Suppose 0 = -4*h - 12*j + 7*j + 809, 2*h + 2*j - 402 = 0. Is h a multiple of 14?
True
Let y = -1414 + 3944. Is y a multiple of 23?
True
Let n(c) = 15*c**2 + 8*c - 29. Is n(-8) a multiple of 51?
True
Suppose 2*d + 7 = -1. Let r(c) = 7*c**2 - 6*c - 8. Let h be r(d). Let s = h - 68. Does 20 divide s?
True
Let v(q) be the third derivative of q**5/20 - q**4/8 + 2*q**3/3 + q**2. Let l be v(-3). Suppose -4*h - l = -t, 3*t + t - 104 = 2*h. Is 12 a factor of t?
True
Suppose 2*o + 4 - 8 = 0. Suppose 2*n + 2*n - 10 = -o*v, 4*n - v = 7. Suppose 152 = 6*j - n*j. Does 21 divide j?
False
Let s(o) = -o**2 - 19*o - 4 + 19 + 2*o**2 + 2*o. Is s(17) a multiple of 15?
True
Suppose -7*t + 88 + 3776 = 0. Does 12 divide t?
True
Let o(p) = 43*p**2 + p - 2. Let q be o(2). Suppose -y + c = -2*y + 82, 2*c = 2*y - q. Is 26 a factor of y?
False
Is ((-165)/(-6) + -15)*(-114)/(-5) a multiple of 5?
True
Suppose 3*l + 10*l - 4693 = 0. Is l a multiple of 2?
False
Let o(u) = -u**3 + 4*u**2 + 7*u - 4. Let i be o(5). Let w be i/((27/2388)/(-3)). Is 2/8 - w/32 a multiple of 14?
False
Suppose -2*b = -2*t + 2, -4*b = t - 0 - 6. Let s be t - -72*(1 + 1). Does 9 divide (-2)/(-3) + s/6?
False
Let z be 2/(-21)*87 + (-2)/(-7). Let l(r) = 2*r**2 + 5*r + 14. Is l(z) a multiple of 17?
True
Let b(x) = 78*x**2 + 244*x + 1. Is b(-5) a multiple of 43?
True
Let j(b) = b - 3. Let z be j(8). Suppose 4*r + 145 = 5*u - 719, z*u - 863 = 3*r. Suppose 0 = -4*m + 2*g + u, -m + 4*g + 74 = m. Is 13 a factor of m?
False
Let u(i) = 8*i + 2*i + i + 42 - 13*i. Is u(0) a multiple of 42?
True
Let m = -22 + 31. Let x be (10 - m) + -219 + 1. Let k = -149 - x. Is 17 a factor of k?
True
Suppose 0 = -5*p - 10, 3*k + 100 = -10*p + 5*p. Let t = 44 - -11. Let b = t + k. Does 12 divide b?
False
Suppose 0 = -3*l + 3*p - 93, p + 21 + 0 = -l. Let x(z) = -z**3 - 27*z**2 - 28*z - 37. Is x(l) a multiple of 9?
False
Let h = -328 + 427. Is h a multiple of 9?
True
Suppose -5*s = -595 - 110. Let x = -99 + s. Does 14 divide x?
True
Let f(c) = c**3 - 10*c**2 - c + 6. Let d be f(10). Is (-4)/(0 + d) - -8 a multiple of 9?
True
Let v be 112/12 + (-2)/(-3). Suppose -v = -2*h, -5*l + h + 42 + 43 = 0. Does 9 divide l?
True
Let o(s) = -s + 64. Is o(17) a multiple of 3?
False
Let o(f) = -f**3 + f**2 + f - 4. Let g be o(2). Let y(v) = 4*v - 12. Let c(l) = -7*l + 25. Let d(n) = -2*c(n) - 5*y(n). Does 12 divide d(g)?
False
Let u = 496 + -298. Is 22 a factor of u?
True
Is ((-2)/(-10) + 1)/(61/28060) a multiple of 6?
True
Suppose i - 5*v - 655 = 0, -4*v = i - 5*v - 651. Does 10 divide i?
True
Let o(k) = -k**2 - 7*k - 2. Let c be o(-8). Let x = c + 10. Is 21 a factor of (20 - x) + (-5)/(-5)?
True
Suppose -104*w + 106*w - 504 = 0. Is w a multiple of 9?
True
Suppose 3*h - 234*c - 1510 = -229*c, 2465 = 5*h + 2*c. Is 33 a factor of h?
True
Let y = -1 - 2. Let v be 34/(-2) - (-5 + 2). Is 11 a factor of 0 + y + 0 - v?
True
Let p(v) be the third derivative of -v**4/12 + 7*v**2. Let u be p(0). Suppose 0 = 2*j - u*k + 4*k - 50, -5*k + 50 = 2*j. Is j a multiple of 5?
True
Is -1 + 200 - (-21 - -25) a multiple of 39?
True
Let r = 614 - 412. Suppose -55 + r = -x. Let q = 255 + x. Is 27 a factor of q?
True
Suppose 4*v = 2*h - v + 65, v = -4*h - 141. Let i = 33 + h. Let z(r) = 8*r**2 + 3. Is 9 a factor of z(i)?
False
Let n be -2 - -4*(-22)/4. Let f = 1283 + -2705. Is 18 a factor of f/n + 3/4?
False
Let p(k) = -k**2 - 2*k + 18. Let q be p(0). Does 2 divide ((-10)/5 + 0)*q/(-4)?
False
Suppose 3*r + 276 = -21. Let i be r + 2 - (-6 + 2). Let g = -46 - i. Is g a multiple of 9?
False
Suppose -45 + 3 = -3*h. Let p(r) = -13*r**2 + 10*r - 3. Let f(q) = 37*q**2 - 31*q + 9. Let n(t) = -6*f(t) - 17*p(t). Does 20 divide n(h)?
False
Let n be 1/(1*3/6). Let x(b) = -7*b - 8 + 3 + 8*b**n + 3*b - 9 - b**3. Is 17 a factor of x(6)?
True
Let k(z) = 20*z**2 + 10*z + 11. Is 6 a factor of k(-4)?
False
Let x = 17 + -14. Suppose 0 = 5*q + 4*l - 789, 5*q - 49 - 744 = -x*l. Suppose -4*t + q - 5 = 0. Is 10 a factor of t?
False
Let p(t) = 7*t**2 - 3*t - 7. Let d be (-42)/(-10) + (12/15 - 1). Is 36 a factor of p(d)?
False
Let j(d) = d**2 - 18*d + 17. Let m be j(6). Let i = m + 172. Does 23 divide i?
False
Suppose 0 = a - 0*a - 2304. Does 48 divide a?
True
Is 18 a factor of 227168/48 + 8/6?
True
Let q be 1/(-4) - (-2)/8. Suppose -4*i + 256 = -3*p, -5*i + 216 = 2*p - 104. Suppose v - 5*h - 8 = -4, q = -4*v - 4*h + i. Is 7 a factor of v?
True
Suppose -q + 59 = -0*q + o, 0 = 3*q - 2*o - 187. Let h(b) = -b**3 - b**2 - b - 11. Let k be h(0). Let t = k + q. Is t a multiple of 27?
False
Suppose 16*p = 3*z + 21*p - 2540, -2*z + 5*p = -1710. Is 25 a factor of z?
True
Does 20 divide (-9)/18*20*(3 - 217)?
True
Suppose 57 + 143 = 10*v. Let c(u) = 2*u - 6. Let i be c(4). Is 10 a factor of -3*i/(-6) + v?
False
Let w = 19 - 17. Suppose 0 = -o - 2*b + 3*b + 16, w*o - 38 = -b. Suppose 3*j + 2*q = 3*q + o, -19 = -5*j - 2*q. Is j even?
False
Is 126 a factor of (200/(-15))/(3/(-567))?
True
Let r(q) = 5*q + 4. Let k be r(-4). Suppose -12*b = -7*b + 5. Is (-412)/k - b/4 a multiple of 14?
False
Let o(l) = 29*l - 89. Is o(21) a multiple of 40?
True
Let d = 552 + -1256. Does 8 divide (6/(-4))/(24/d)?
False
Does 6 divide (-240)/(-9)*(-1224)/(-85)?
True
Suppose 139728 = 28*m + 13*m. Does 55 divide m?
False
Is 14 a factor of 523 - -2 - (2 - 8)?
False
Suppose -7*m = -2*m, 2*m - 16 = -2*c. Let x(t) = 13*t**3 - t**2 - 22*t + 13. Let h(n) = -7*n**3 + 11*n - 7. Let o(q) = 11*h(q) + 6*x(q). Is 17 a factor of o(c)?
False
Let c(n) = -n**2 + 12*n + 120. Is 12 a factor of c(0)?
True
Let x = -2671 + 3769. Is 9 a factor of x?
True
Let k be 0 + (-3)/((-12)/220). Suppose -4*j - k = -283. Is j a multiple of 19?
True
Suppose -i - 40 = -3*i. Suppose 4*k + 5*o - 88 = 0, -2*k + o + i = -38. Suppose 7*w = 10*w - k. Is 9 a factor of w?
True
Let o = 4 + -1. Is (7 - -152) + (o - 1) a multiple of 23?
True
Let v(z) be the second derivative of z**6/240 + z**5/40 - 7*z**4/12 - 8*z. Let p(d) be the third derivative of v(d). Is p(5) a multiple of 8?
False
Let q be (-28)/42 + 1808/(-6). Let c = q - -208. Let a = -62 - c. Is a a multiple of 27?
False
Let t be 3/(-12) - (-3)/12. Suppose 5*n - 14 = -j + 3*n, t = -3*j + 4*n + 32. Is 12 a factor of j?
True
Is (-3280)/492*(-24 + 0) even?
True
Let h(v) be the third derivative of -v**6/120 + v**5/30 + v**4/8 + 13*v**3 + 6*v**2. Does 13 divide h(0)?
True
Let k(s) = s**3 + 5*s**2 - s - 6. Let b be k(-5). Let j(d) = -1 - 2*d - 4*d**3 - 6*d**3 - 2*d**2 - 7*d**3 - 5*d**3. Is j(b) a multiple of 12?
False
Is 12 a factor of -2*1/11 + (-56890)/(-110)?
False
Suppose 0 = -j + 3*g + 53, -4*j - 27 = 3*g - 269. Let v = 61 - j. Does 2 divide v?
True
Suppose -2*i - 2*g - 104 = 0, 0*i + 124 = -2*i + 3*g. Let t = 64 - i. Does 30 divide t?
True
Let r = 1006 - 526. Is r a multiple of 80?
True
Let m be (-1)/((-9)/(-22) + 4/(-8)). Suppose -588 = -18*p + m*p. Does 14 divide p?
True
Let g = 95 + -93. Suppose 2*s - 3*z = -7, 3*s - 3*z + 1 = -g. Is s a multiple of 4?
True
Let j(x) = -x**3 - 9*x**2 + 6*x - 18. Let r be j(-10). Is 18 a factor of 14/77 + 1800/r?
False
Suppose 0 = -26*u + 47*u - 672. Suppose 9*t = 4*t. Let b = u + t. Does 15 divide b?
False
Let m(h) = 5*h + 53. Let u be m(-12). Is (-9*8/u)/(117/546) a multiple of 3?
True
Is (-8 + 1240*-2)*(-3)/6 a multiple of 25?
False
Let o = 20 - 13. Suppose -o*z = -2*z - 15. Does 3 divide z?
True
Let v(s) = 2*s**2 - 25*s - 6. Let d(k) = -4*k - 58. Let f be d(-18). Does 14 divide v(f)?
False
Let k = -31 - -39. Does 39 divide (-4 - (-38)/k)*100?
False
L